{"id":2,"date":"2016-05-10T03:48:21","date_gmt":"2016-05-10T03:48:21","guid":{"rendered":"http:\/\/wp452m.a10-52-158-154.qa.plesk.ru\/wordpress\/?page_id=2"},"modified":"2025-09-24T12:23:27","modified_gmt":"2025-09-24T12:23:27","slug":"sample-page","status":"publish","type":"page","link":"https:\/\/komornikpk.pl\/","title":{"rendered":"Strona g\u0142\u00f3wna"},"content":{"rendered":"<h2 style=\"text-align: left;\"><span style=\"color: #000000; font-weight: bold; font-size: 12pt; font-variant: small-caps;\"><br \/>\n<img loading=\"lazy\" decoding=\"async\" class=\"wp-image-189 alignleft\" src=\"http:\/\/komornikpk.pl\/wp-content\/uploads\/2025\/09\/godloPK-252x300.png\" alt=\"\" width=\"62\" height=\"70\" \/>Pawe\u0142 Komar<br \/>\nKomornik S\u0105dowy<br \/>\nprzy S\u0105dzie Rejonowym Lublin &#8211; Wsch\u00f3d w Lublinie<br \/>\nz siedzib\u0105 w \u015awidniku<br \/>\nKancelaria komornicza nr VI w Lublinie<br \/>\n<\/span><\/h2>\n<p>&nbsp;<\/p>\n<hr \/>\n<p>&nbsp;<\/p>\n<div style=\"float: left; width: 60%; height: 300px;\">\u00a0<img decoding=\"async\" class=\"alignleft size-medium wp-image-130\" src=\"http:\/\/komornikpk.pl\/wp-content\/uploads\/2016\/05\/Lenczynska-51-1-300x158.png\" alt=\"lenczynska-51\" width=\"70%\" height=\"50%\" srcset=\"https:\/\/komornikpk.pl\/wp-content\/uploads\/2016\/05\/Lenczynska-51-1-300x158.png 300w, https:\/\/komornikpk.pl\/wp-content\/uploads\/2016\/05\/Lenczynska-51-1-768x405.png 768w, https:\/\/komornikpk.pl\/wp-content\/uploads\/2016\/05\/Lenczynska-51-1-1024x540.png 1024w, https:\/\/komornikpk.pl\/wp-content\/uploads\/2016\/05\/Lenczynska-51-1-500x264.png 500w, https:\/\/komornikpk.pl\/wp-content\/uploads\/2016\/05\/Lenczynska-51-1.png 1123w\" sizes=\"(max-width: 300px) 100vw, 300px\" \/><\/div>\n<div style=\"float: right; width: 40%; height: 300px;\">\n<h2><span style=\"color: #000000; font-weight: bold; font-size: 12pt; font-variant: small-caps;\">Adres:<\/span><\/h2>\n<p><span style=\"color: #000000;\"> ul. \u0141\u0119czy\u0144ska 51, 20-313 Lublin<\/span><br \/>\n<span style=\"color: #000000;\"> tel. 81\u00a0745 27 74<\/span><br \/>\n<span style=\"color: #000000;\"> email: <a href=\"mailto:adres e-mail\">biuro@komornikpk.pl<\/a><br \/>\n<\/span><\/p>\n<h2><span style=\"color: #000000; font-weight: bold; font-size: 12pt; font-variant: small-caps;\">Licytacje:<\/span><\/h2>\n<p><a href=\"https:\/\/listaprzetargow.pl\/komornik\/6300\" target=\"_blank\" rel=\"noopener\">Licytowane nieruchomo\u015bci<\/a><\/p>\n<\/div>\n","protected":false},"excerpt":{"rendered":"<p>Pawe\u0142 Komar Komornik S\u0105dowy przy S\u0105dzie Rejonowym Lublin &#8211; Wsch\u00f3d w Lublinie z siedzib\u0105 w \u015awidniku Kancelaria komornicza nr VI w Lublinie &nbsp; &nbsp; \u00a0 Adres: ul. \u0141\u0119czy\u0144ska 51, 20-313 Lublin tel. 81\u00a0745 27 74 email: biuro@komornikpk.pl Licytacje: Licytowane nieruchomo\u015bci<\/p>\n","protected":false},"author":1,"featured_media":0,"parent":0,"menu_order":0,"comment_status":"closed","ping_status":"open","template":"sidebar-page.php","meta":{"footnotes":""},"class_list":["post-2","page","type-page","status-publish","hentry"],"_links":{"self":[{"href":"https:\/\/komornikpk.pl\/index.php?rest_route=\/wp\/v2\/pages\/2","targetHints":{"allow":["GET"]}}],"collection":[{"href":"https:\/\/komornikpk.pl\/index.php?rest_route=\/wp\/v2\/pages"}],"about":[{"href":"https:\/\/komornikpk.pl\/index.php?rest_route=\/wp\/v2\/types\/page"}],"author":[{"embeddable":true,"href":"https:\/\/komornikpk.pl\/index.php?rest_route=\/wp\/v2\/users\/1"}],"replies":[{"embeddable":true,"href":"https:\/\/komornikpk.pl\/index.php?rest_route=%2Fwp%2Fv2%2Fcomments&post=2"}],"version-history":[{"count":50,"href":"https:\/\/komornikpk.pl\/index.php?rest_route=\/wp\/v2\/pages\/2\/revisions"}],"predecessor-version":[{"id":190,"href":"https:\/\/komornikpk.pl\/index.php?rest_route=\/wp\/v2\/pages\/2\/revisions\/190"}],"wp:attachment":[{"href":"https:\/\/komornikpk.pl\/index.php?rest_route=%2Fwp%2Fv2%2Fmedia&parent=2"}],"curies":[{"name":"wp","href":"https:\/\/api.w.org\/{rel}","templated":true}]}}